{"id":52,"date":"2021-03-29T16:34:18","date_gmt":"2021-03-29T14:34:18","guid":{"rendered":"http:\/\/domaine-tinou.fr\/index.php\/hestia-front\/"},"modified":"2021-08-11T17:32:20","modified_gmt":"2021-08-11T15:32:20","slug":"accueil","status":"publish","type":"page","link":"https:\/\/domaine-tinou.fr\/","title":{"rendered":"ACCUEIL"},"content":{"rendered":"\t\t<div data-elementor-type=\"wp-page\" data-elementor-id=\"52\" class=\"elementor elementor-52\">\n\t\t\t\t<section class=\"elementor-section elementor-top-section elementor-element elementor-element-71db8401 elementor-section-boxed elementor-section-height-default elementor-section-height-default\" data-id=\"71db8401\" data-element_type=\"section\">\n\t\t\t\t\t\t<div class=\"elementor-container elementor-column-gap-default\">\n\t\t\t\t\t<div class=\"elementor-column elementor-col-50 elementor-top-column elementor-element elementor-element-3c86da6\" data-id=\"3c86da6\" data-element_type=\"column\">\n\t\t\t<div class=\"elementor-widget-wrap elementor-element-populated\">\n\t\t\t\t\t\t<div class=\"elementor-element elementor-element-f684cb0 elementor-widget elementor-widget-image\" data-id=\"f684cb0\" data-element_type=\"widget\" data-widget_type=\"image.default\">\n\t\t\t\t<div class=\"elementor-widget-container\">\n\t\t\t\t\t\t\t\t\t\t\t\t\t\t\t<img fetchpriority=\"high\" decoding=\"async\" width=\"750\" height=\"615\" src=\"https:\/\/domaine-tinou.fr\/wp-content\/uploads\/2021\/03\/LOGO-TINOU_01-1024x839.png\" class=\"attachment-large size-large wp-image-54\" alt=\"\" srcset=\"https:\/\/domaine-tinou.fr\/wp-content\/uploads\/2021\/03\/LOGO-TINOU_01-1024x839.png 1024w, https:\/\/domaine-tinou.fr\/wp-content\/uploads\/2021\/03\/LOGO-TINOU_01-600x492.png 600w, https:\/\/domaine-tinou.fr\/wp-content\/uploads\/2021\/03\/LOGO-TINOU_01-300x246.png 300w, https:\/\/domaine-tinou.fr\/wp-content\/uploads\/2021\/03\/LOGO-TINOU_01-768x629.png 768w, https:\/\/domaine-tinou.fr\/wp-content\/uploads\/2021\/03\/LOGO-TINOU_01-1536x1258.png 1536w, https:\/\/domaine-tinou.fr\/wp-content\/uploads\/2021\/03\/LOGO-TINOU_01-2048x1678.png 2048w\" sizes=\"(max-width: 750px) 100vw, 750px\" \/>\t\t\t\t\t\t\t\t\t\t\t\t\t\t\t<\/div>\n\t\t\t\t<\/div>\n\t\t\t\t\t<\/div>\n\t\t<\/div>\n\t\t\t\t<div class=\"elementor-column elementor-col-50 elementor-top-column elementor-element elementor-element-3d1d2a97\" data-id=\"3d1d2a97\" data-element_type=\"column\">\n\t\t\t<div class=\"elementor-widget-wrap elementor-element-populated\">\n\t\t\t\t\t\t<div class=\"elementor-element elementor-element-60c5948d elementor-widget elementor-widget-text-editor\" data-id=\"60c5948d\" data-element_type=\"widget\" data-widget_type=\"text-editor.default\">\n\t\t\t\t<div class=\"elementor-widget-container\"><p>Serge Hondet &#8211; Viticulteur \u00e0 Lasseube &#8211; 64290<br \/><strong>Domaine en agriculture biologique depuis 1964<\/strong><\/p><\/div>\n\t\t\t\t<\/div>\n\t\t\t\t\t<\/div>\n\t\t<\/div>\n\t\t\t\t\t<\/div>\n\t\t<\/section>\n\t\t\t\t<section class=\"elementor-section elementor-top-section elementor-element elementor-element-e9ea8b3 elementor-section-boxed elementor-section-height-default elementor-section-height-default\" data-id=\"e9ea8b3\" data-element_type=\"section\">\n\t\t\t\t\t\t<div class=\"elementor-container elementor-column-gap-default\">\n\t\t\t\t\t<div class=\"elementor-column elementor-col-100 elementor-top-column elementor-element elementor-element-3d74dc8\" data-id=\"3d74dc8\" data-element_type=\"column\">\n\t\t\t<div class=\"elementor-widget-wrap elementor-element-populated\">\n\t\t\t\t\t\t<div class=\"elementor-element elementor-element-5ef7951 elementor-arrows-position-inside elementor-pagination-position-outside elementor-widget elementor-widget-image-carousel\" data-id=\"5ef7951\" data-element_type=\"widget\" data-settings=\"{&quot;slides_to_show&quot;:&quot;1&quot;,&quot;autoplay&quot;:&quot;no&quot;,&quot;infinite&quot;:&quot;no&quot;,&quot;navigation&quot;:&quot;both&quot;,&quot;effect&quot;:&quot;slide&quot;,&quot;speed&quot;:500}\" data-widget_type=\"image-carousel.default\">\n\t\t\t\t<div class=\"elementor-widget-container\">\n\t\t\t\t\t\t\t<div class=\"elementor-image-carousel-wrapper swiper\" role=\"region\" aria-roledescription=\"carousel\" aria-label=\"Carrousel d\u2019images\" dir=\"ltr\">\n\t\t\t<div class=\"elementor-image-carousel swiper-wrapper swiper-image-stretch\" aria-live=\"polite\">\n\t\t\t\t\t\t\t\t<div class=\"swiper-slide\" role=\"group\" aria-roledescription=\"slide\" aria-label=\"1 sur 12\"><figure class=\"swiper-slide-inner\"><img decoding=\"async\" class=\"swiper-slide-image\" src=\"https:\/\/domaine-tinou.fr\/wp-content\/uploads\/2021\/03\/2-Pays-02-1024x683.jpg\" alt=\"Domaine Tinou\" \/><\/figure><\/div><div class=\"swiper-slide\" role=\"group\" aria-roledescription=\"slide\" aria-label=\"2 sur 12\"><figure class=\"swiper-slide-inner\"><img decoding=\"async\" class=\"swiper-slide-image\" src=\"https:\/\/domaine-tinou.fr\/wp-content\/uploads\/2021\/03\/2-Pays-01-1024x683.jpg\" alt=\"Vignes\" \/><\/figure><\/div><div class=\"swiper-slide\" role=\"group\" aria-roledescription=\"slide\" aria-label=\"3 sur 12\"><figure class=\"swiper-slide-inner\"><img decoding=\"async\" class=\"swiper-slide-image\" src=\"https:\/\/domaine-tinou.fr\/wp-content\/uploads\/2021\/04\/arbres_fruitiers_vignes-1024x683.jpg\" alt=\"arbres_fruitiers_vignes\" \/><\/figure><\/div><div class=\"swiper-slide\" role=\"group\" aria-roledescription=\"slide\" aria-label=\"4 sur 12\"><figure class=\"swiper-slide-inner\"><img decoding=\"async\" class=\"swiper-slide-image\" src=\"https:\/\/domaine-tinou.fr\/wp-content\/uploads\/2021\/04\/luzerne_vigne_3-1024x683.jpg\" alt=\"luzerne_vigne_3\" \/><\/figure><\/div><div class=\"swiper-slide\" role=\"group\" aria-roledescription=\"slide\" aria-label=\"5 sur 12\"><figure class=\"swiper-slide-inner\"><img decoding=\"async\" class=\"swiper-slide-image\" src=\"https:\/\/domaine-tinou.fr\/wp-content\/uploads\/2021\/04\/luzerne_vigne_2-1024x683.jpg\" alt=\"luzerne_vigne_2\" \/><\/figure><\/div><div class=\"swiper-slide\" role=\"group\" aria-roledescription=\"slide\" aria-label=\"6 sur 12\"><figure class=\"swiper-slide-inner\"><img decoding=\"async\" class=\"swiper-slide-image\" src=\"https:\/\/domaine-tinou.fr\/wp-content\/uploads\/2021\/04\/luzerne_vigne_1-1024x683.jpg\" alt=\"luzerne_vigne_1\" \/><\/figure><\/div><div class=\"swiper-slide\" role=\"group\" aria-roledescription=\"slide\" aria-label=\"7 sur 12\"><figure class=\"swiper-slide-inner\"><img decoding=\"async\" class=\"swiper-slide-image\" src=\"https:\/\/domaine-tinou.fr\/wp-content\/uploads\/2021\/04\/arbres_fruitiers-1024x683.jpg\" alt=\"arbres_fruitiers\" \/><\/figure><\/div><div class=\"swiper-slide\" role=\"group\" aria-roledescription=\"slide\" aria-label=\"8 sur 12\"><figure class=\"swiper-slide-inner\"><img decoding=\"async\" class=\"swiper-slide-image\" src=\"https:\/\/domaine-tinou.fr\/wp-content\/uploads\/2021\/04\/fleur_abeille_arbres_fruitiers-1024x683.jpg\" alt=\"fleur_abeille_arbres_fruitiers\" \/><\/figure><\/div><div class=\"swiper-slide\" role=\"group\" aria-roledescription=\"slide\" aria-label=\"9 sur 12\"><figure class=\"swiper-slide-inner\"><img decoding=\"async\" class=\"swiper-slide-image\" src=\"https:\/\/domaine-tinou.fr\/wp-content\/uploads\/2021\/03\/RaisinFeuilles-1-1024x718.jpg\" alt=\"RaisinFeuilles\" \/><\/figure><\/div><div class=\"swiper-slide\" role=\"group\" aria-roledescription=\"slide\" aria-label=\"10 sur 12\"><figure class=\"swiper-slide-inner\"><img decoding=\"async\" class=\"swiper-slide-image\" src=\"https:\/\/domaine-tinou.fr\/wp-content\/uploads\/2021\/03\/02-VENDANDES-02-1024x683.jpg\" alt=\"02-VENDANDES-02\" \/><\/figure><\/div><div class=\"swiper-slide\" role=\"group\" aria-roledescription=\"slide\" aria-label=\"11 sur 12\"><figure class=\"swiper-slide-inner\"><img decoding=\"async\" class=\"swiper-slide-image\" src=\"https:\/\/domaine-tinou.fr\/wp-content\/uploads\/2021\/03\/02-Vinification-01-1024x683.jpg\" alt=\"Vinification\" \/><\/figure><\/div><div class=\"swiper-slide\" role=\"group\" aria-roledescription=\"slide\" aria-label=\"12 sur 12\"><figure class=\"swiper-slide-inner\"><img decoding=\"async\" class=\"swiper-slide-image\" src=\"https:\/\/domaine-tinou.fr\/wp-content\/uploads\/2021\/03\/Serge_vignes-1024x683.jpg\" alt=\"Serge_vignes\" \/><\/figure><\/div>\t\t\t<\/div>\n\t\t\t\t\t\t\t\t\t\t\t\t<div class=\"elementor-swiper-button elementor-swiper-button-prev\" role=\"button\" tabindex=\"0\">\n\t\t\t\t\t\t<i aria-hidden=\"true\" class=\"eicon-chevron-left\"><\/i>\t\t\t\t\t<\/div>\n\t\t\t\t\t<div class=\"elementor-swiper-button elementor-swiper-button-next\" role=\"button\" tabindex=\"0\">\n\t\t\t\t\t\t<i aria-hidden=\"true\" class=\"eicon-chevron-right\"><\/i>\t\t\t\t\t<\/div>\n\t\t\t\t\n\t\t\t\t\t\t\t\t\t<div class=\"swiper-pagination\"><\/div>\n\t\t\t\t\t\t\t\t\t<\/div>\n\t\t\t\t\t\t<\/div>\n\t\t\t\t<\/div>\n\t\t\t\t\t<\/div>\n\t\t<\/div>\n\t\t\t\t\t<\/div>\n\t\t<\/section>\n\t\t\t\t<section class=\"elementor-section elementor-top-section elementor-element elementor-element-6f77f44 elementor-section-content-bottom elementor-section-boxed elementor-section-height-default elementor-section-height-default\" data-id=\"6f77f44\" data-element_type=\"section\">\n\t\t\t\t\t\t<div class=\"elementor-container elementor-column-gap-default\">\n\t\t\t\t\t<div class=\"elementor-column elementor-col-100 elementor-top-column elementor-element elementor-element-59cb648\" data-id=\"59cb648\" data-element_type=\"column\">\n\t\t\t<div class=\"elementor-widget-wrap elementor-element-populated\">\n\t\t\t\t\t\t<div class=\"elementor-element elementor-element-44a9693 elementor-widget elementor-widget-text-editor\" data-id=\"44a9693\" data-element_type=\"widget\" data-widget_type=\"text-editor.default\">\n\t\t\t\t<div class=\"elementor-widget-container\">\n\t\t\t\t\t\t\t\t\t<FONT size=\"2pt\">L\u2019abus d\u2019alcool est dangereux pour la sant\u00e9, \u00e0 consommer avec mod\u00e9ration <\/FONT>\t\t\t\t\t\t\t\t<\/div>\n\t\t\t\t<\/div>\n\t\t\t\t\t<\/div>\n\t\t<\/div>\n\t\t\t\t\t<\/div>\n\t\t<\/section>\t\t<\/div>\n\t\t","protected":false},"excerpt":{"rendered":"<p>Serge Hondet &#8211; Viticulteur \u00e0 Lasseube &#8211; 64290Domaine en agriculture biologique depuis 1964 Pr\u00e9c\u00e9dent Suivant L\u2019abus d\u2019alcool est dangereux pour la sant\u00e9, \u00e0 consommer avec mod\u00e9ration<\/p>\n","protected":false},"author":1,"featured_media":0,"parent":0,"menu_order":0,"comment_status":"closed","ping_status":"closed","template":"","meta":{"footnotes":""},"class_list":["post-52","page","type-page","status-publish","hentry"],"_links":{"self":[{"href":"https:\/\/domaine-tinou.fr\/index.php\/wp-json\/wp\/v2\/pages\/52","targetHints":{"allow":["GET"]}}],"collection":[{"href":"https:\/\/domaine-tinou.fr\/index.php\/wp-json\/wp\/v2\/pages"}],"about":[{"href":"https:\/\/domaine-tinou.fr\/index.php\/wp-json\/wp\/v2\/types\/page"}],"author":[{"embeddable":true,"href":"https:\/\/domaine-tinou.fr\/index.php\/wp-json\/wp\/v2\/users\/1"}],"replies":[{"embeddable":true,"href":"https:\/\/domaine-tinou.fr\/index.php\/wp-json\/wp\/v2\/comments?post=52"}],"version-history":[{"count":71,"href":"https:\/\/domaine-tinou.fr\/index.php\/wp-json\/wp\/v2\/pages\/52\/revisions"}],"predecessor-version":[{"id":510,"href":"https:\/\/domaine-tinou.fr\/index.php\/wp-json\/wp\/v2\/pages\/52\/revisions\/510"}],"wp:attachment":[{"href":"https:\/\/domaine-tinou.fr\/index.php\/wp-json\/wp\/v2\/media?parent=52"}],"curies":[{"name":"wp","href":"https:\/\/api.w.org\/{rel}","templated":true}]}}